1).
7
Evaluate 39 + -46 + 5 + 2.
0
What is -4 + 2 + (-2 - -3)?
-1
What is (3 - 1 - 1) + 174 + -167?
8
What is 3 - (5 - (-4 + 0))?
-6
What is the value of (-5 - -1) + (0 - (3 - 3))?
-4
What is the value of 1 + 3 + (-6 - (1 - 4))?
1
What is the value of -5 - ((1 - 3) + 2)?
-5
Calculate 1 + -1 - (8 + -8).
0
What is -8 + (4 + -6 - -9)?
-1
What is the value of -7 + 11 + 2 + -3?
3
Evaluate -2 + 6 - (2 + 2).
0
Evaluate (-9 - (0 + -12)) + -5 + 1.
-1
What is 0 + -7 + (4 - -9)?
6
Evaluate (-3 - 0) + (0 - -3) - 2.
-2
What is 5 + 4 - (21 - 5)?
-7
Calculate 8 + 2 + -18 + 12 - 8.
-4
What is the value of -6 + 0 + 1 + 3?
-2
Calculate -2 - (-16 - -2 - -12).
0
Evaluate 1 + 0 + (2 - (0 - -3)).
0
Evaluate (-3 - 0) + -7 + 4 + 6.
0
-5 + 4 - -4 - (-3 - -1)
5
What is -2 - -1 - 1 - (-17 - -15)?
0
Evaluate 0 + 3 + -18 + 14.
-1
Calculate (-3 - -8) + -4 + (-10 - -6).
-3
Calculate -2 + -8 + 5 - -9.
4
36 - 31 - (-1 - -1 - -4)
1
-1 - -3 - (0 - 3)
5
What is the value of (7 - 14 - -2) + (0 - -4)?
-1
What is -4 + (3 - (-2 + -2)) + -7?
-4
Calculate (-1 - (-7 - -1)) + -7.
-2
Evaluate (-4 - (-2 - 5)) + 1 - 9.
-5
What is the value of -22 + -1 + 12 + 9?
-2
What is the value of (2 - 2) + 2 + -2?
0
Evaluate 2 + 10 + -21 - -8.
-1
6 - (6 + (-10 - (4 - 6)))
8
Calculate -1 + 1 - -2 - (-1 + -1).
4
What is 1 + (0 - (10 - 11))?
2
What is (7 - (2 - -6)) + -10 + 4?
-7
7 + -8 + 9 - 3
5
What is the value of -2 - (-2 - (-6 + -4 - -5))?
-5
Evaluate 0 - (-4 + 3 + -3).
4
What is the value of 19 - 20 - (-3 + -2)?
4
Evaluate -5 + (0 - -2) - 4 - -6.
-1
2 + -1 - (3 - -6 - 14)
6
Calculate -81 - -82 - (-6 - 2).
9
Evaluate 4 + (0 - 2) - (-59 - -65).
-4
Calculate 14 - 10 - (2 + -1 + 3).
0
3 + (-8 - (1 + -11))
5
Evaluate -1 + 2 + -6 - (-142 - -144).
-7
What is the value of (3 - (1 - 3)) + (-51 - -50)?
4
Evaluate -1 + (-1 - (2 + 1)).
-5
-1 + 0 + 5 - (-2 - -2)
4
What is (1 - -3) + (4 - 9)?
-1
3 + 0 + -2 - (37 - 39)
3
-1 + 1 + (3 - -4)
7
7 + -3 - 9 - 0
-5
Evaluate -4 - (-11 + 2 + 1 + 2).
2
What is -1 - (-3 - (3 - (-1 - 0)))?
6
0 - -3 - (-4 - (-4 - -2))
5
(4 - 4) + (-5 - 0)
-5
Calculate 32 - 25 - (9 - 2).
0
(-2 - (-3 - 0)) + -27 + 27
1
Evaluate 3 + (2 - (-1 + (6 - 5))).
5
(0 - -5) + (44 - 41)
8
Calculate 2 + -5 + 9 + -10 + 0.
-4
What is 18 - 26 - (3 - 10)?
-1
What is the value of -4 - (0 - 0) - -6?
2
Evaluate (8 + -6 - -2) + -2 + 1.
3
Evaluate 7 - (7 - 5 - 0).
5
What is 16 - (3 - -6) - 9?
-2
What is -5 + 9 + (1 - 7) + 0?
-2
1 - ((1 - 2) + -2 + -4)
8
What is the value of -8 + 3 + 5 - (1 + 3)?
-4
What is (1 + -2 - 0) + -108 + 100?
-9
Calculate (-9 + 3 - -5) + 5.
4
Calculate -1 + 5 + (-1 - 5) - -2.
0
Evaluate 1 + -13 - (29 + -44).
3
Calculate 21 + (-10 - 7) + 5.
9
What is the value of (4 - 0) + (17 - 25) - 1?
-5
Calculate 1 + (2 - 0) - (-2 - 5).
10
Evaluate 7 + -13 + (5 - 3).
-4
12 + -13 + 7 - 7
-1
What is the value of 11 + -12 + (2 - -3)?
4
What is the value of -43 + 34 - (-4 + -2)?
-3
Evaluate -4 - -6 - (10 + -6).
-2
What is (2 - (2 - -3)) + 3?
0
What is -78 + 84 - (3 - (-2 + 0))?
1
(48 - 15 - 12) + -11
10
Evaluate 19 + -17 - (-3 + 6).
-1
What is the value of 3 + 0 - (-3 - -3 - -2)?
1
What is the value of 0 + 2 + (-1 - (-3 - -5))?
-1
(0 - 1) + 0 - -4
3
What is 16 - 3 - (7 - 2)?
8
6 + (-1 - 9) - -6
2
Evaluate (-15 - -12) + (6 - 1 - -1).
3
Calculate (-2 - (-9 + 4)) + -5 + -2.
-4
Calculate 4 - 2 - (9 - (4 - -3)).
0
Evaluate 7 + (0 - 8) + -5 + 1.
-5
Calculate 3 - ((7 - 3) + -1 - -1).
-1
What is (4 - 5 - 3) + 2 + 0?
-2
-112 + 104 - (1 - (-2 - -11))
0
Evaluate -6 + 2 + 7 + 3 + 2.
8
(-61 - -48) + (10 - 1)
-4
Calculate -1 + (-3 - -4) + -9 + 4.
-5
-1 + 10 - (25 + -13)
-3
Evaluate (-1 - (4 - 3)) + (1 - 0).
-1
What is (-4 - 1 - -8) + -5?
-2
What is the value of -6 + 4 - (-1 + 1)?
-2
What is 0 - -2 - (7 - 8) - 0?
3
5 + 0 + -8 + 2
-1
Evaluate (5 - 9) + 1 + 5.
2
-2 + -2 - (-2 - 3)
1
What is 0 + -2 - (-4 - 10 - -8)?
4
What is the value of -4 - (-11 + -2 + 4)?
5
Evaluate (-22 - -16) + 15 - (1 + 2).
6
Calculate -1 + (-1 - (0 - 6)).
4
Evaluate 3 + -3 + (-3 - -1 - 0).
-2
What is the value of 23 + (-4 - 12) - (12 - -1)?
-6
Evaluate (-5 - -4) + -6 - -3.
-4
What is 0 + -7 + 41 + -40?
-6
Calculate (-2 - -1) + (4 - 9).
-6
Calculate (2 - 0 - 2) + -1.
-1
Evaluate (10 - (-4 + 12)) + -10 - -2.
-6
Evaluate 5 - -2 - (18 - 7).
-4
What is (-2 - 1) + (-2 + 6 - 2)?
-1
What is the value of 4 + -3 + (-6 - -14 - 3)?
6
What is -2 + 2 + 3 - (27 + -27)?
3
Calculate (-2 - 5) + 7 + (-8 - -4).
-4
What is -10 - (1 - (6 - 4 - -4))?
-5
What is 3 + -8 - -5 - (5 + -12)?
7
(-6 - ((-3 - -3) + 2)) + 3
-5
What is 4 - (0 - -7) - -2?
-1
What is -3 - (4 + 1 - 3) - -10?
5
Calculate 0 - 1 - (-7 - 4 - -8).
2
What is the value of (2 - 1) + (-61 - -67) - 10?
-3
What is the value of 0 + -3 + -1 + -1?
-5
Evaluate 5 + (-4 - (0 + -3)).
4
Calculate 10 - (-41 - -44 - (-2 - -1)).
6
-2 + (2 + 0 - 3) - -3
0
What is -9 - (-1 + -10 + 1)?
1
0 - (-13 + 3 - -6)
4
Evaluate -79 - -89 - (2 + 16).
-8
What is the value of 0 + -5 + 0 + 6?
1
What is 0 + -1 + -2 + 5 + 2?
4
Evaluate 15 + -7 + -3 - 2.
3
0 + 5 + -1 + -6 + -4
-6
3 + (0 - -4) + -15 + 9
1
0 - -7 - (4 - 1) - 0
4
-2 + (-1 + (3 - 6) - -5)
-1
What is the value of 1 + 1 - 1 - 5?
-4
1 + -20 + 21 + (2 - 8)
-4
What is the value of (0 + -1 - -1) + 1 + 2?
3
Calculate 5 - (1 - (5 + -8)).
1
What is 4 - ((-7 - 2) + 7)?
6
What is -2 + (-7 - (5 - 14))?
0
(-1 - 16) + 4 - -9
-4
What is the value of 0 + (0 - (0 - 0) - 2)?
-2
What is the value of 2 + 6 - 6 - (0 + -1)?
3
What is the value of -3 + 3 + 4 + -5 + 2?
1
Evaluate -7 + 3 + 0 + 6 + -1.
1
What is -3 - ((2 - (8 + 0)) + -5)?
8
3 + 0 + -3 + 11 + -12
-1
5 + -2 - (-1 + -1)
5
What is the value of -5 + 0 - (-7 + 7)?
-5
(5 - -1) + (7 + 1 - 11)
3
Calculate (1 - -5) + -4 + 9 + -19.
-8
What is 6 - (1 - -7 - 2)?
0
Calculate -8 - ((4 - 0) + 1 + -8).
-5
Calculate -32 + 23 - (0 - 6).
-3
What is the value of (7 - (13 + -7)) + -3?
-2
Evaluate -3 - (-7 - (-14 - (3 + -10))).
-3
Calculate -4 - (4 - 3) - -14 - 4.
5
What is -8 + 5 - (1 - 2 - -1)?
-3
What is (0 - 0) + 9 - 10?
-1
What is 6 - (12 + -5) - (0 + 0)?
-1
What is the value of 2 + (22 - 18) + (-1 - -1)?
6
Evaluate -1 + (-2 - -2) - (22 - 15).
-8
Evaluate -1 + 3 + (-5 - (-2 + -1)).
0
1 + -1 - (16 + -20)
4
Calculate 9 - 14 - (-2 + 0).
-3
Evaluate 7 - (3 - 10 - -19).
-5
Calculate -4 - (6 + -4 + -10).
4
What is -12 - (-4 - 3) - (-4 - 1)?
0
-3 - (-1 + 2 + -2)
-2
Evaluate -14 + (-7 - -10) + 8.
-3
What is ((4 - -8) + -7 - 2) + -12?
-9
(40 - 33) + (-7 - (-5 - -3))
2
What is 8 + -14 + 0 + 4?
-2
-1 - ((-20 - -15) + 0 + -1)
5
-5 - (-1 - 14) - 5
5
What is the value of (-2 - -8) + -1 + 0 + -2?
3
What is -2 + 2 + 0 + 3 + 4?
7
What is the value of 4 + -6 + -2 - (10 - 12)?
-2
Evaluate (-22 - -10) + 6 + (8 - 0).
2
What is the value of 2 - (2 - ((5 - 2) + 2))?
5
What is (4 + -8 - 0) + (1 - -1)?
-2
Evaluate -6 + 8 + 13 + -13.
2
What is the value of 5 + -1 + (1 - -3) + -15?
-7
What is the value of 4 + (-27 - -5 - -3) - -7?
-8
(1 - 5) + 1 + -10 + 10
-3
Evaluate (9 - 12) + (-3 - 0) - -3.
-3
Calculate 0 + (0 - -2 - (11 - 13)).
4
What is -3 + (-2 - (-3 - -2))?
-4
Calculate 2 - (6 + (-4 - -4) - -1).
-5
What is -10 + (0 - -1) + (-5 - -9)?
-5
What is 0 - 1 - ((1 - -4) + -4)?
-2
What is 2 - (11 - (-8 + 9 - -5))?
-3
What is the value of -4 + (3 - (19 + -11))?
-9
Calculate 2 + 3 + (-9 - 0 - -1).
-3
Calculate -3 - (-8 - (1 + -2)).
4
What is -11 + 7 + -2 + -2 + 11?
3
What is the value of -5 + (5 - (-5 + 6)) + -3?
-4
What is the value of (2 - 0) + -8 - (1 + -4)?
-3
What is -1 + (3 - (3 + -6 + 3))?
2
What is -4 - (0 + -3 + 2)?
-3
Calculate (7 - 0) + (-8 - -15) + -13.
1
Calculate (3 + -4 - 0) + -3.
-4
What is the value of -8 + 2 + 10 + -1 - -3?
6
What is the value of 0 + (-3 - -4) + 4 + -2?
3
Calculate (-4 - 5) + 1 - -5.
-3
0 - (-3 + -2 + 3)
2
Evaluate -2 + (-1 - -7) + 0.
4
Calculate -5 + 0 + -36 + 45.
4
-5 + -7 + 4 + 4 + 0
-4
Evaluate (-5 - -1) + 1 + 3.
0
What is (-7 + 3 - -6) + -3?
-1
What is the value of 8 - (-5 + 16 + -12)?
9
What is the value of 1 + -5 - (-1 + -1)?
-2
Calculate (-15 - -7) + (12 - -3) + -7.
0
Evaluate (34 - 36) + 0 + -6.
-8
Calculate -8 + (-1 - -19) - 17.
-7
-7 - -13 - 7 - -2
1
Evaluate -2 + 0 + 1 + 1 + 0.
0
(-2 - -2) + -1 + 2
1
3 - 1 - (13 + -24 + 16)
-3
What is the value of (-14 - -12) + -8 + 2 + 4?
-4
What is (-1 + 7 - (15 + -2)) + 10?
3
What is 4 + -6 + -5 - -2?
-5